
-4
Let q(p) = p**3 - 22*p**2 + 2*p + 28. Calculate q(22).
72
Let o(d) = -14*d**2 - d. Determine o(-1).
-13
Let p(h) = -109*h + 111. Give p(1).
2
Let k(q) = 4*q + 26. What is k(-9)?
-10
Let r(l) = -6*l - 13. Calculate r(-7).
29
Let v(h) = -h**2 + 26*h - 134. Calculate v(9).
19
Let d(n) = 2*n - 4. Calculate d(4).
4
Let n(c) = c**2 + 7*c - 11. What is n(-9)?
7
Let k(n) = -n**3 + 4*n**2 - 3*n - 5. Calculate k(3).
-5
Let m(d) = -d**3 - d**2 + 2*d + 2. Calculate m(-2).
2
Let u(i) = 38*i + 302. Calculate u(-8).
-2
Let b(i) = 2*i**3 + 8*i**2 + 3*i - 3. Give b(-5).
-68
Let a(d) = 2*d - 95. What is a(38)?
-19
Let m(a) = -a**3 - 4*a**2 - a - 4. Calculate m(-3).
-10
Let f(x) = -x**2 - 2*x + 49. Give f(0).
49
Let k(r) = -15*r - 3. Give k(-2).
27
Let l(z) = z**3 - 3*z**2 + 9. What is l(0)?
9
Let c(m) = -m**3 - 8*m**2 - 3*m - 9. Give c(-7).
-37
Let r(h) = -h**2 + 7*h + 32. Determine r(-4).
-12
Let h(b) = b**2 - 12*b + 35. Determine h(6).
-1
Let y(b) = -b**2 + 11*b + 19. Calculate y(12).
7
Let h(j) = -2*j**2 - 28*j - 2. What is h(-14)?
-2
Let s(c) = 29*c - 49. Determine s(2).
9
Let p(o) = o**3 + 7*o**2 + 6*o - 4. Determine p(-3).
14
Let u(x) = x**3 + 4*x**2 - x - 9. Determine u(-4).
-5
Let o(l) = -9*l**2 - 3*l. Determine o(1).
-12
Let l(w) = -w**3 + 11*w**2 - 24*w - 22. Give l(7).
6
Let q(n) = 2*n + 3. Give q(-6).
-9
Let h(x) = -x**3 - 9*x**2 - 8*x + 3. What is h(-6)?
-57
Let a(g) = g**2 + 6*g - 1. What is a(-7)?
6
Let c(s) = -2*s**3 + 19*s**2 + 6*s + 41. Give c(10).
1
Let l(k) = -k**2 - 4*k - 1. What is l(-5)?
-6
Let s(g) = -g**2 + 22*g - 21. Calculate s(18).
51
Let p(b) = -17*b**2 + 4. Determine p(2).
-64
Let j(x) = 5*x + 93. Give j(-23).
-22
Let m(d) = d + 17. What is m(-5)?
12
Let t(y) = 40*y**2 + y - 3. Give t(2).
159
Let r(i) = -19*i**3 + i**2 - i + 1. Determine r(1).
-18
Let c(q) = -q + 8. What is c(6)?
2
Let y(l) = -l**2 - 5*l - 6. What is y(-3)?
0
Let c(j) = 3*j + 1. Give c(2).
7
Let u(d) = -d - 21. Determine u(-11).
-10
Let q(u) = -u + 6. Give q(-5).
11
Let z(w) = -w**2 + w - 2. Determine z(5).
-22
Let a(z) = -5*z - 31. Determine a(-6).
-1
Let v(q) = -q**2 - 7*q + 5. Give v(-4).
17
Let t(w) = -4*w + 13. What is t(7)?
-15
Let n(g) = 10*g - 7. What is n(1)?
3
Let c(b) = 4*b - 2. Determine c(1).
2
Let c(p) = -16*p - 44. What is c(-3)?
4
Let f(w) = -w**2 + 17*w - 12. Give f(14).
30
Let b(t) = 3*t + 38. Determine b(-11).
5
Let d(p) = -6*p - 97. What is d(-16)?
-1
Let t(x) = -x**2 + 6*x - 8. Calculate t(6).
-8
Let t(b) = b**2 - 3*b - 8. Give t(-6).
46
Let s(c) = -2*c**3 - c**2 - 3*c. Determine s(-3).
54
Let n(v) = 2*v**2 - 9*v - 4. What is n(6)?
14
Let u(s) = -s - 50. What is u(-31)?
-19
Let g(z) = -z**3 - 4*z**2 - 5*z + 4. Give g(-4).
24
Let f(l) = -l + 20. Give f(10).
10
Let v(j) = j**2 - 26*j - 111. Calculate v(-4).
9
Let q(p) = -12*p - 1. Determine q(3).
-37
Let x(i) = i**3 - 13*i - 39. What is x(-3)?
-27
Let z(u) = -29*u. Give z(3).
-87
Let f(v) = 11*v - 90. What is f(-11)?
-211
Let w(f) = 3*f**2 - 46*f - 96. Determine w(17).
-11
Let u(v) = -v**3 - 18*v**2 - 21*v + 14. Calculate u(-17).
82
Let a(y) = -42*y - 11. Give a(2).
-95
Let w(o) = 2*o - 6. Determine w(7).
8
Let u(k) = -k**3 + 9*k**2 - 9*k + 6. Calculate u(8).
-2
Let n(c) = -2*c**2 + 22*c - 2. Determine n(7).
54
Let g(r) = 46*r**3 - r**2 + 2*r - 1. Determine g(1).
46
Let o(y) = -38*y + 26. Calculate o(-2).
102
Let l(f) = f**2 + 2*f - 14. Determine l(-6).
10
Let n(h) = h**3 + 10*h**2 - 22*h - 14. Calculate n(-12).
-38
Let f(a) = a**3 + 3*a**2 + a + 8. Calculate f(-5).
-47
Let k(c) = -c**3 - 5*c**2 + 8*c - 31. Calculate k(-7).
11
Let q(y) = y**3 - 7*y**2 + 2*y - 17. Give q(7).
-3
Let t(f) = 2*f**2 + 18*f + 32. Calculate t(-8).
16
Let k(p) = -6*p**3 - 3*p**2 + p + 2. Give k(-2).
36
Let x(n) = n**3 + 9*n**2 - 4*n + 5. Calculate x(-9).
41
Let p(o) = o**3 + 4*o**2 - 12*o + 2. Determine p(-6).
2
Let q(t) = -28*t - 2. Determine q(-1).
26
Let m(i) = -i**3 - 16*i**2 + 16*i - 17. What is m(-17)?
0
Let p(y) = y**3 - 7*y**2 - 10*y + 4. What is p(8)?
-12
Let c(h) = -h**3 - 14*h**2 + 11*h - 14. What is c(-15)?
46
Let u(r) = -r**3 - 6*r**2 - 2*r + 4. What is u(-5)?
-11
Let p(z) = 3*z**3 - 5*z**2 - z - 3. Calculate p(2).
-1
Let n(z) = 2*z + 27. Give n(-10).
7
Let x(o) = 25*o + 53. Calculate x(-2).
3
Let s(o) = -o**2 + 6*o + 1. Give s(8).
-15
Let f(b) = 2*b + 7. Give f(-11).
-15
Let y(b) = 19*b - 42. What is y(5)?
53
Let s(c) = c**3 - 7*c**2 - 2*c + 13. Calculate s(7).
-1
Let i(b) = -b**3 + b**2 - 2*b + 48. What is i(0)?
48
Let f(i) = -2*i**2 + 3*i + 1. Give f(2).
-1
Let d(m) = -m - 1. Calculate d(2).
-3
Let f(q) = q**3 - 16*q**2 + 26*q - 145. Calculate f(15).
20
Let x(w) = -w**3 - 8*w**2 + 33*w + 5. What is x(-11)?
5
Let v(u) = -3*u**2 - 19*u - 13. Give v(-6).
-7
Let b(x) = 2*x**3 + 8*x**2 - 17*x - 29. Calculate b(-5).
6
Let f(a) = a**3 - 19*a**2 - 5*a + 96. Determine f(19).
1
Let p(l) = l**3 - 5*l**2 - l - 2. Calculate p(5).
-7
Let n(f) = -2*f**3 + 4*f + 4. Determine n(-3).
46
Let d(q) = -3*q - 9. Calculate d(-4).
3
Let g(a) = -a**3 - 5*a**2 + a - 2. Give g(-6).
28
Let g(o) = o**3 - 16*o**2 + 15*o + 13. Determine g(15).
13
Let j(k) = 6*k**2 - 9*k + 15. Calculate j(2).
21
Let r(v) = -11*v**3 - 6*v + 5. Determine r(1).
-12
Let v(w) = -2*w**2 - 23*w + 5. What is v(-11)?
16
Let r(m) = m**3 - 14*m**2 - 13*m - 34. Calculate r(15).
-4
Let l(h) = -h**2 - 5. Calculate l(0).
-5
Let u(y) = -y**3 + 17*y - 32. Determine u(2).
-6
Let l(a) = 2*a**2 + 2. Give l(-2).
10
Let n(x) = 7*x + 1. Calculate n(-6).
-41
Let m(l) = -3*l + 2. Give m(-6).
20
Let k(v) = v**3 + 16*v**2 - v - 16. Calculate k(-16).
0
Let o(l) = -l**3 - 2*l**2 - 7. Calculate o(0).
-7
Let k(y) = -y**3 - 6*y**2 - 11*y - 5. Determine k(-6).
61
Let o(a) = 5*a - 28. What is o(16)?
52
Let w(b) = -b**2 - 4*b. What is w(-4)?
0
Let p(w) = -w**2 + 4*w + 19. What is p(6)?
7
Let u(n) = -n**3 - 25*n**2 + n + 6. Calculate u(-25).
-19
Let o(y) = -9*y + 42. What is o(4)?
6
Let t(d) = -d + 25. What is t(7)?
18
Let d(w) = 23*w + 504. Give d(-22).
-2
Let o(f) = -5*f - 4. Determine o(-3).
11
Let f(y) = -7*y**2 - y + 6. What is f(-2)?
-20
Let t(n) = -n**2 + 18*n - 44. What is t(20)?
-84
Let y(w) = -w**2 + 12*w - 19. Calculate y(11).
-8
Let r(s) = -s**2 + 10*s - 2. Give r(10).
-2
Let z(k) = k**3 - 5*k**2 - 13*k + 13. Calculate z(6).
-29
Let l(s) = -26*s + 71. What is l(3)?
-7
Let c(v) = -v**2 - 25*v - 59. Calculate c(-24).
-35
Let y(c) = c + 9. Give y(-5).
4
Let w(x) = -x**2 - 10*x - 17. What is w(-4)?
7
Let m(v) = 4*v**2 + 2*v. What is m(2)?
20
Let k(a) = a**2 - 4*a + 1. Give k(5).
6
Let k(s) = -s - 23. Determine k(17).
-40
Let i(l) = -35*l**2 + l + 1. Determine i(-1).
-35
Let d(p) = -p**3 + 5*p**2 - 4*p - 5. Determine d(4).
-5
Let c(d) = d**2 + 15*d + 12. Give c(-13).
-14
Let v(s) = s**3 - 4*s**2 - 2*s + 2. Calculate v(3).
-13
Let y(n) = -n**3 - 3*n**2 + 4*n - 2. Give y(-5).
28
Let y(z) = -z**2 + 5*z + 54. What is y(9)?
18
Let r(s) = 5*s**2 - 12*s - 3. Give r(4).
29
Let u(q) = q**3 - q**2 - 23*q - 10. Determine u(-4).
2
Let z(k) = 2*k**2 - 8*k - 6. Give z(4).
-6
Let h(p) = p**2 + 8*p + 2. Determine h(-8).
2
Let v(n) = n**3 + 3*n**2 + 3*n - 5. Give v(1).
2
Let x(o) = 19*o + 73. Determine x(-4).
-3
Let s(i) = -i. Give s(-7).
7
Let g(j) = 2*j**3 + 12*j**2 - 5. Calculate g(-6).
-5
Let w(u) = 10*u**2 + 3*u - 3. Give w(2).
43
Let i(x) = 138*x - 809. Determine i(6).
19
Let w(i) = 7*i**2 + 28*i + 22. Give w(-3).
1
Let v(p) = p**3 + 9*p**2 + 7*p - 2. Determine v(-8).
6
Let n(t) = -6*t + 24. Determine n(8).
-24
Let j(i) = i**2 - 17*i - 11. What is j(18)?
7
Let y(g) = -g**2 + 16*g + 34. What is y(18)?
-2
Let p(j) = 5*j + 5. Calculate p(-4).
-15
Let g(t) = 18*t**2 - 13*t + 1. Determine g(-1).
32
Let n(f) = -f**3 - 2*f**2 + 2*f + 2. Calculate n(-3).
5
Let b(v) = -v**3 + 12*v**2 + 46*v + 1. What is b(15)?
16
Let f(q) = -q + 15. Calculate f(6).
9
Let i(d) = -142*d - 275. Calculate i(-2).
9
Let b(o) = 5*o**3 - 3*o + 3. Determine b(2).
37
Let j(s) = -s**3 + 10*s**2 - 11*s + 26. Give j(9).
8
Let i(c) = -c**3 + 13*c**2 - 20*c + 9. Determine i(11).
31
Let r(j) = -9*j + 71. Calculate r(8).
-1
Let y(v) = -9*v**2 + 2*v + 4. Calculate y(-1).
-7
Let k(o) = o**3 + 75*o**2 - 77*o - 74. Determine k(-76).
2
Let r(o) = -o**3 - 9*o**2 + 35*o - 7. Determine r(-12).
5
Let b(s) = 2*s**2 - 3*s - 2. Give b(3).